he prime factors of n?
467
Suppose 4*z + 4*v - 16095 = 5601, 3*z - v - 16252 = 0. What are the prime factors of z?
5419
Let r = 431 + -656. Let x(l) = -l**2 + l - 4. Let j be x(0). List the prime factors of (j*(-2)/(-6))/(6/r).
2, 5
Suppose -3*p = q - 6, -4*p = -q - 1 - 0. Suppose 4*x + q = 11. Suppose -x*h = -0*f + 2*f - 46, -2*f + 40 = -4*h. List the prime factors of f.
2, 11
Suppose -5*r + 18 = 8. Suppose -588 = -4*g + r*t, 3*t = 4*g - g - 438. List the prime factors of g.
2, 37
Let w(o) = 483*o + 399. List the prime factors of w(9).
2, 3, 7, 113
Suppose -2*o + 3462 = -4*s, 6*s + 1996 = -3*o + 7177. List the prime factors of o.
7, 13, 19
Suppose 9443 = -8*c + 59. Let t = -765 - c. What are the prime factors of t?
2, 3, 17
Suppose -4*s - 380 = 644. Let m = 4034 - 4168. Let w = m - s. What are the prime factors of w?
2, 61
Suppose -3*z + 591 = 3*m, -2*m - z = -0*m - 397. List the prime factors of 3 - (784/140)/((-2)/m).
563
Let n(q) = -8*q**2 - 3*q - 6. Let d be n(4). Suppose -4*j + 5*p = -839, 2*j - 67 = 3*p + 350. Let w = j + d. List the prime factors of w.
2, 5, 7
Suppose 17*h - 13150 = 13174 + 12419. What are the prime factors of h?
43, 53
Let r = -31 + 173. Let m = 441 + r. List the prime factors of m.
11, 53
Suppose -4675671 = -4*w - 169*w. List the prime factors of w.
3, 7, 11, 13
Let s(m) = -m**2 + 3*m + 14. Let g(k) = -k**2 - 3*k + 15. Let f be g(-5). Let u be s(f). Suppose -88 = -4*w - u*w. List the prime factors of w.
11
Suppose 6*h - 251 = 2341. Let v = h + -132. What are the prime factors of v?
2, 3, 5
Let c be (-7)/((-1)/(1/(-1))). Let q(b) be the third derivative of -5*b**4/24 - b**3/3 + 21*b**2. What are the prime factors of q(c)?
3, 11
Suppose 663*b - 5101933 = 315*b - 282481. List the prime factors of b.
11, 1259
Suppose 61*w - 1412805 = -11513. List the prime factors of w.
2, 5743
Let j(u) = -2*u**2 + u - 5. Let q = -3 - 0. Let g be j(q). List the prime factors of (-4)/(-26) - 2258/g.
3, 29
Suppose 21 = o - 4*c, 5*o - 30 = c + 4*c. Let z be -1 - (o - (8 + -3)). Suppose z*w = w + 52. List the prime factors of w.
2, 13
Suppose -127*b - 120 = -131*b. Suppose b*o - 3920 = -1100. What are the prime factors of o?
2, 47
List the prime factors of (2 + -3 + -1741 - -4)/((-2)/8).
2, 11, 79
Suppose -7*b + 42818 = 454. List the prime factors of b.
2, 17, 89
Let t(m) = m + 9. Let a be t(-9). Suppose -5*r - 7 + 42 = a. Suppose 0 = -4*u + r*u - 747. What are the prime factors of u?
3, 83
Let d = -13060 - -18501. What are the prime factors of d?
5441
List the prime factors of 1338/(-36)*-12*3/1.
2, 3, 223
Let r = 4317 - 494. What are the prime factors of r?
3823
Let z = 161 - 159. Let h(w) = 70*w + 11. Let s be h(-4). List the prime factors of ((-5)/1 + 3)/(z/s).
269
Suppose 52*v = 32*v. Suppose v = -3*x - 3*r + 5739, 3 = -3*r - 12. List the prime factors of x.
2, 7, 137
What are the prime factors of 212/(-1272) - (-25327)/6?
3, 7, 67
Suppose -2*h - 4*v = -108, 11*v - 6*v - 107 = -2*h. Suppose r - 2*w = 22, -3*w + 4*w = 3*r - h. What are the prime factors of r?
2, 3
Let u(k) = k**3 - 22*k**2 - 81*k + 462. What are the prime factors of u(30)?
2, 3, 109
Let f = 13318 - 7973. What are the prime factors of f?
5, 1069
Let k = -3261 - -5876. List the prime factors of k.
5, 523
Let b be 746*-17*(-38)/76. Suppose -37*m = -b - 19004. List the prime factors of m.
5, 137
Let g = -33 + 29. Let t be 6/g*(-100)/30. Suppose -122 = -t*x + 208. What are the prime factors of x?
2, 3, 11
Let j(o) = -2*o**3 + 86*o**2 - 34*o + 163. What are the prime factors of j(40)?
3, 2801
Suppose -13*h + 445 = -8*h. Suppose 0 = 3*d + 20 - h. What are the prime factors of 0 + -1 - -2*d?
3, 5
Let u(f) = -f**3 + 14*f**2 + 14*f + 14. Let x be u(15). What are the prime factors of 913 - 12/60*5/x?
2, 457
Let o be (-6)/(-4)*(-938)/21. Let f = o - -69. Suppose f*k + 116 - 408 = 0. List the prime factors of k.
2, 73
List the prime factors of 44*(-1278)/144*-2.
11, 71
Let s = -71726 + 101037. What are the prime factors of s?
29311
Suppose 0 = 7*j - 6*j. Suppose 5*p - 4*p - 188 = j. Suppose -3*i - i = -p. What are the prime factors of i?
47
Let m(o) = -o**3 - 15*o**2 - 6*o - 31. Let h be m(-13). Let v = h + 497. What are the prime factors of v?
2, 103
Let h(b) = 1126*b + 748. What are the prime factors of h(5)?
2, 3, 1063
Let c(i) = i**3 + 7*i**2 - 3*i + 2. Let s be c(-8). Let m = s - -51. Suppose -77 = -2*j + m. List the prime factors of j.
3, 5
Let l be 204/(-42) + -1 + 6 + (-5532)/(-84). Let d(a) = 6*a**2 - 7*a + 3. Let u be d(-6). Suppose 3*h - u = -h + b, l = h - b. What are the prime factors of h?
5, 13
Let z(v) = -2205*v + 204. What are the prime factors of z(-2)?
2, 3, 769
Let h = 459 - 350. Suppose 0 = 4*q - 28 - 0. Let g = q + h. What are the prime factors of g?
2, 29
Let j = 286 + -229. Suppose 3*t - 117 = -3*m, -4*t - 3*m + 213 = j. What are the prime factors of t?
3, 13
Let k(a) = 16*a**2 - 5*a**3 + 4*a**3 + 69*a - 93*a. Let q be k(14). What are the prime factors of (5/(-2))/((-4)/q)?
5, 7
Suppose -3*j + d = -9667, -2*j - 2*j = -d - 12890. List the prime factors of j.
11, 293
Let u = 5 - -3. Suppose 15*c - u = 11*c. Let o(j) = 8*j**2 + 3*j - 8. List the prime factors of o(c).
2, 3, 5
Let i(r) = -r**3 + 5*r**2 + 15*r - 9. Let p = 69 - 60. Let a be ((-4)/6)/((-1)/p). List the prime factors of i(a).
3, 5
Let u be (10*(-23)/(-6))/((-8)/24). What are the prime factors of (u - -1)/((-81)/63 - -1)?
3, 7, 19
Let i = -94925 + 136560. What are the prime factors of i?
5, 11, 757
What are the prime factors of ((-20196)/135 + -18)/((-241)/240 + 1)?
2, 3, 419
Let o(n) = 4*n**2 - 2. Let x be o(-1). What are the prime factors of (4/(-1))/(x/(-25) + 0)?
2, 5
Let s(o) = -3*o + 11. Let q be s(4). Let p(b) = 51*b**3 - b**2 + b + 2. Let f be p(q). Let j = 78 + f. List the prime factors of j.
3
Suppose -2*i + 1315 = 3*i. Let j = 3290 - 2766. Let c = j - i. List the prime factors of c.
3, 29
Suppose 2*o + 128 = -3*r, -3*o + 47 = -r - 8*o. Let q = r + 60. Suppose 3*n = 72 + q. What are the prime factors of n?
2, 3, 5
Suppose 0 = -2*n + 3*y + 20 - 3, -n - 2 = -5*y. List the prime factors of (-15)/((-2)/n + 146/1118).
3, 5, 43
Let y = -301 + 281. List the prime factors of (310/y + -1)*(-34)/3.
11, 17
Suppose -2*u - 4*u - 34*u = -626640. What are the prime factors of u?
2, 3, 7, 373
Let h(l) = -l**2 - 5*l + 8. Let v be h(-6). Suppose v*w + b = 26, 2*w - 4*w + 2*b + 20 = 0. Let i = w - -105. What are the prime factors of i?
3, 13
Let z(c) = c**3 - 8*c**2 + 9*c - 10. Let w be z(7). Suppose w*k = -23 + 459. Suppose -5*y + 3*g + k = 30, -2*g - 13 = -y. List the prime factors of y.
17
Let v = 109 + -174. Let o = v + 197. What are the prime factors of o?
2, 3, 11
Suppose -2*z = 2*u - 4738, 0 = -5*z - u - 4875 + 16740. What are the prime factors of z?
2, 1187
Suppose 104*v - 498183 = 40*v + 712313. What are the prime factors of v?
2, 7, 193
What are the prime factors of (63/6)/(30/4120)?
2, 7, 103
Suppose 0 = -0*g + 2*g + 2*n - 1134, 2*n = -4*g + 2262. What are the prime factors of 4/(32/g)*(8 - -4)?
2, 3, 47
Let t(c) = -c**3 + 17*c**2 - 13*c - 43. Let h be t(16). What are the prime factors of -2 + h - 157*1/(-1)?
2, 5
Let k(b) = -b**2 - 19*b - 40. Let m be k(-16). Let g be 21/6 + 4/m. Suppose i - 5*i = 5*x - 346, 5*i = g*x + 453. What are the prime factors of i?
89
Suppose 5*t + 2*j = 4*j - 6, -5*t - 12 = -4*j. Suppose 0 = 2*g + 2*h - 1220, -4*g - 5*h + 2294 + 151 = t. What are the prime factors of g?
5, 11
Let k = 514 - 511. Suppose 4*x - 5460 = -k*x. What are the prime factors of x?
2, 3, 5, 13
What are the prime factors of (24041 + 8)/((-7)/(-21))?
3, 24049
What are the prime factors of (284/(-6))/(6/5832*-6)?
2, 3, 71
Suppose -334*g = -339*g + 75. Suppose -2349 = -g*f + 3276. What are the prime factors of f?
3, 5
Let q = 182 - 453. Let t = -264 - q. What are the prime factors of t?
7
Let v(w) = 36*w - 33 - 26 + 12. What are the prime factors of v(9)?
277
Let v(s) = 6*s**3 + 22*s**2 - 18*s - 40. Let k(x) = x**3 + x**2 + x - 1. Let o(f) = -5*k(f) + v(f). What are the prime factors of o(-15)?
2, 5, 19
Let j(f) = 56*f - 21. Let p be j(-43). Let o = p - -3557. List the prime factors of o.
2, 3, 47
Let j(s) = -2372*s + 17477. What are the prime factors of j(-12)?
7, 6563
Suppose 6*z - 215 = z. Suppos